late the remainder when 70504 is divided by 17625.
4
Calculate the remainder when 2436072 is divided by 2379.
2355
What is the remainder when 103505 is divided by 154?
17
Calculate the remainder when 19844186 is divided by 2536.
2522
Calculate the remainder when 5817519 is divided by 92.
83
What is the remainder when 2808824 is divided by 1404164?
496
Calculate the remainder when 27224339 is divided by 176.
131
What is the remainder when 955914 is divided by 1138?
1132
Calculate the remainder when 6911185 is divided by 36.
13
What is the remainder when 869926 is divided by 869861?
65
What is the remainder when 2462188 is divided by 2455?
2278
What is the remainder when 56928 is divided by 748?
80
Calculate the remainder when 19777843 is divided by 2856.
43
What is the remainder when 880212 is divided by 2125?
462
What is the remainder when 861163 is divided by 1765?
1608
What is the remainder when 4803480 is divided by 14871?
147
What is the remainder when 976814 is divided by 31508?
66
What is the remainder when 1569009 is divided by 23418?
3
Calculate the remainder when 1889901 is divided by 883.
281
Calculate the remainder when 1304968 is divided by 29658.
16
What is the remainder when 33818945 is divided by 5240?
5225
What is the remainder when 3224729 is divided by 412?
5
What is the remainder when 234620 is divided by 759?
89
What is the remainder when 16380556 is divided by 29?
22
Calculate the remainder when 22510665 is divided by 535967.
51
Calculate the remainder when 2792352 is divided by 20.
12
What is the remainder when 25495861 is divided by 90?
31
What is the remainder when 12841497 is divided by 264?
9
What is the remainder when 1626615 is divided by 163?
38
Calculate the remainder when 1125306 is divided by 44.
6
What is the remainder when 12399539 is divided by 141?
140
What is the remainder when 2268010 is divided by 519?
499
Calculate the remainder when 43367344 is divided by 53.
41
Calculate the remainder when 167021963 is divided by 194.
185
Calculate the remainder when 1371196 is divided by 539.
519
Calculate the remainder when 811749 is divided by 405865.
19
Calculate the remainder when 383961 is divided by 85.
16
What is the remainder when 4021191 is divided by 757?
7
What is the remainder when 101673 is divided by 189?
180
Calculate the remainder when 7211953 is divided by 41.
12
What is the remainder when 12268676 is divided by 3067168?
4
Calculate the remainder when 454224 is divided by 9463.
0
What is the remainder when 9772659 is divided by 307?
235
What is the remainder when 152002 is divided by 370?
302
What is the remainder when 122595849 is divided by 801280?
9
Calculate the remainder when 2462333 is divided by 633.
596
Calculate the remainder when 482436 is divided by 160436.
1128
Calculate the remainder when 2944172 is divided by 6895.
7
What is the remainder when 124621 is divided by 420?
301
What is the remainder when 39873 is divided by 1527?
171
Calculate the remainder when 11178 is divided by 3699.
81
What is the remainder when 23603 is divided by 9455?
4693
Calculate the remainder when 516369 is divided by 171784.
1017
Calculate the remainder when 32529022 is divided by 166.
160
What is the remainder when 109443546 is divided by 585?
576
What is the remainder when 1772111 is divided by 354420?
11
Calculate the remainder when 748404 is divided by 1219.
1157
What is the remainder when 114713 is divided by 2305?
1768
Calculate the remainder when 189091 is divided by 376.
339
What is the remainder when 3430060 is divided by 1621?
24
Calculate the remainder when 183989 is divided by 742.
715
What is the remainder when 19671380 is divided by 1863?
1826
Calculate the remainder when 76996050 is divided by 174.
6
What is the remainder when 809198 is divided by 398?
64
Calculate the remainder when 9468999 is divided by 58092.
3
What is the remainder when 370677988 is divided by 439?
436
What is the remainder when 719502 is divided by 359726?
50
What is the remainder when 90400 is divided by 137?
117
What is the remainder when 11012545 is divided by 1632?
1441
What is the remainder when 2601457 is divided by 1924?
209
What is the remainder when 137008404 is divided by 785?
784
What is the remainder when 55346 is divided by 535?
241
What is the remainder when 1296725 is divided by 80991?
869
What is the remainder when 32891 is divided by 32659?
232
What is the remainder when 28515316 is divided by 9041?
2
What is the remainder when 973751 is divided by 51246?
77
What is the remainder when 107773 is divided by 613?
498
What is the remainder when 54253354 is divided by 101?
93
What is the remainder when 487873 is divided by 1936?
1
What is the remainder when 576024217 is divided by 305?
302
Calculate the remainder when 45580 is divided by 22774.
32
What is the remainder when 1414844 is divided by 3743?
3733
Calculate the remainder when 199655876 is divided by 12.
8
Calculate the remainder when 6375084 is divided by 85.
84
What is the remainder when 6488827 is divided by 207?
205
What is the remainder when 44773269 is divided by 874?
871
Calculate the remainder when 1998312 is divided by 1256.
16
What is the remainder when 88451 is divided by 88422?
29
Calculate the remainder when 2958697 is divided by 3617.
3608
Calculate the remainder when 101637 is divided by 6341.
181
Calculate the remainder when 5157 is divided by 671.
460
Calculate the remainder when 1124964 is divided by 568.
324
What is the remainder when 15441555 is divided by 1390?
45
What is the remainder when 1457373 is divided by 102?
99
What is the remainder when 34433 is divided by 1941?
1436
What is the remainder when 79389 is divided by 984?
669
What is the remainder when 124507 is divided by 3923?
2894
What is the remainder when 9168034 is divided by 60?
34
Calculate the remainder when 11199 is divided by 1110.
99
What is the remainder when 2586163 is divided by 2586151?
12
Calculate the remainder when 59062 is divided by 50783.
8279
What is the remainder when 430080 is divided by 430069?
11
Calculate the remainder when 24490 is divided by 79.
0
Calculate the remainder when 86187 is divided by 6100.
787
What is the remainder when 268882377 is divided by 4919?
4918
What is the remainder when 6938844 is divided by 3469391?
62
What is the remainder when 800946 is divided by 2398?
14
What is the remainder when 1808893 is divided by 58350?
43
What is the remainder when 50919166 is divided by 60?
46
What is the remainder when 1009259 is divided by 12939?
17
Calculate the remainder when 623427 is divided by 12722.
49
Calculate the remainder when 102196 is divided by 101948.
248
Calculate the remainder when 20204 is divided by 20125.
79
What is the remainder when 250931 is divided by 940?
891
What is the remainder when 15937291 is divided by 11287?
47
Calculate the remainder when 382111 is divided by 8684.
15
Calculate the remainder when 621846 is divided by 8290.
96
Calculate the remainder when 27601415 is divided by 127.
124
What is the remainder when 275587 is divided by 55081?
182
Calculate the remainder when 254764 is divided by 254540.
224
Calculate the remainder when 5309944 is divided by 18.
16
Calculate the remainder when 5808389 is divided by 15.
14
What is the remainder when 203285 is divided by 9654?
551
Calculate the remainder when 7142762 is divided by 216445.
77
What is the remainder when 57293049 is divided by 71260?
9
Calculate the remainder when 1558652 is divided by 3352.
3324
Calculate the remainder when 16703141 is divided by 1942.
1941
Calculate the remainder when 9869172 is divided by 1095.
1032
What is the remainder when 154983 is divided by 615?
3
Calculate the remainder when 1034961 is divided by 404.
317
What is the remainder when 261766731 is divided by 154?
149
What is the remainder when 158412012 is divided by 155?
152
What is the remainder when 115458 is divided by 115241?
217
Calculate the remainder when 3241264 is divided by 593.
519
Calculate the remainder when 6838727 is divided by 235818.
5
Calculate the remainder when 6592630 is divided by 141.
34
What is the remainder when 77280231 is divided by 651?
21
What is the remainder when 534930 is divided by 19812?
6
What is the remainder when 4103643 is divided by 117?
10